 when 177 is divided by 77.
23
What is the remainder when 126 is divided by 40?
6
Calculate the remainder when 39080 is divided by 11.
8
Calculate the remainder when 3131 is divided by 286.
271
Calculate the remainder when 41 is divided by 5.
1
What is the remainder when 200 is divided by 55?
35
What is the remainder when 132 is divided by 35?
27
Calculate the remainder when 40 is divided by 26.
14
Calculate the remainder when 1000 is divided by 15.
10
Calculate the remainder when 18057 is divided by 172.
169
Calculate the remainder when 29 is divided by 22.
7
What is the remainder when 64 is divided by 13?
12
What is the remainder when 390 is divided by 102?
84
Calculate the remainder when 99 is divided by 67.
32
What is the remainder when 6649 is divided by 133?
132
What is the remainder when 158 is divided by 76?
6
What is the remainder when 230 is divided by 33?
32
Calculate the remainder when 271 is divided by 139.
132
Calculate the remainder when 806 is divided by 162.
158
What is the remainder when 117 is divided by 8?
5
What is the remainder when 14406 is divided by 215?
1
Calculate the remainder when 606 is divided by 336.
270
What is the remainder when 88 is divided by 59?
29
What is the remainder when 77 is divided by 20?
17
Calculate the remainder when 39 is divided by 4.
3
What is the remainder when 134 is divided by 18?
8
What is the remainder when 455 is divided by 152?
151
What is the remainder when 32 is divided by 4?
0
Calculate the remainder when 2412 is divided by 244.
216
What is the remainder when 223 is divided by 51?
19
Calculate the remainder when 262 is divided by 61.
18
Calculate the remainder when 5531 is divided by 308.
295
What is the remainder when 417 is divided by 6?
3
What is the remainder when 6703 is divided by 13?
8
What is the remainder when 2064 is divided by 53?
50
Calculate the remainder when 23 is divided by 10.
3
Calculate the remainder when 1043 is divided by 116.
115
Calculate the remainder when 7742 is divided by 16.
14
Calculate the remainder when 13975 is divided by 58.
55
Calculate the remainder when 453 is divided by 8.
5
What is the remainder when 300 is divided by 61?
56
What is the remainder when 492 is divided by 38?
36
What is the remainder when 6783 is divided by 18?
15
What is the remainder when 3383 is divided by 47?
46
Calculate the remainder when 18716 is divided by 37.
31
What is the remainder when 990 is divided by 32?
30
Calculate the remainder when 2658 is divided by 155.
23
What is the remainder when 1071 is divided by 210?
21
What is the remainder when 23302 is divided by 17?
12
Calculate the remainder when 308 is divided by 65.
48
What is the remainder when 28 is divided by 18?
10
What is the remainder when 58 is divided by 10?
8
What is the remainder when 163 is divided by 17?
10
What is the remainder when 307 is divided by 103?
101
What is the remainder when 308 is divided by 62?
60
Calculate the remainder when 1518 is divided by 506.
0
Calculate the remainder when 172 is divided by 18.
10
Calculate the remainder when 88 is divided by 4.
0
What is the remainder when 77 is divided by 26?
25
What is the remainder when 1515 is divided by 299?
20
Calculate the remainder when 1338 is divided by 9.
6
What is the remainder when 2066 is divided by 21?
8
Calculate the remainder when 437 is divided by 112.
101
Calculate the remainder when 2100 is divided by 16.
4
What is the remainder when 134 is divided by 19?
1
Calculate the remainder when 864 is divided by 45.
9
Calculate the remainder when 14 is divided by 4.
2
Calculate the remainder when 2184 is divided by 19.
18
What is the remainder when 44 is divided by 15?
14
What is the remainder when 1200 is divided by 412?
376
Calculate the remainder when 2556 is divided by 20.
16
What is the remainder when 121 is divided by 2?
1
What is the remainder when 3571 is divided by 24?
19
What is the remainder when 54 is divided by 25?
4
What is the remainder when 219 is divided by 8?
3
Calculate the remainder when 28 is divided by 16.
12
What is the remainder when 47 is divided by 27?
20
What is the remainder when 558 is divided by 95?
83
What is the remainder when 227 is divided by 78?
71
Calculate the remainder when 399 is divided by 16.
15
What is the remainder when 1329 is divided by 23?
18
What is the remainder when 35 is divided by 10?
5
Calculate the remainder when 2885 is divided by 91.
64
What is the remainder when 595 is divided by 42?
7
Calculate the remainder when 124 is divided by 35.
19
What is the remainder when 674 is divided by 65?
24
What is the remainder when 64 is divided by 6?
4
Calculate the remainder when 323 is divided by 159.
5
Calculate the remainder when 451 is divided by 92.
83
Calculate the remainder when 492 is divided by 86.
62
What is the remainder when 3010 is divided by 993?
31
What is the remainder when 43 is divided by 15?
13
Calculate the remainder when 245 is divided by 61.
1
Calculate the remainder when 242 is divided by 48.
2
What is the remainder when 449 is divided by 99?
53
Calculate the remainder when 3409 is divided by 56.
49
Calculate the remainder when 1740 is divided by 15.
0
What is the remainder when 126 is divided by 16?
14
Calculate the remainder when 37 is divided by 24.
13
What is the remainder when 129 is divided by 28?
17
What is the remainder when 1236 is divided by 35?
11
What is the remainder when 464 is divided by 229?
6
What is the remainder when 43 is divided by 7?
1
Calculate the remainder when 1454 is divided by 9.
5
Calculate the remainder when 1849 is divided by 25.
24
What is the remainder when 220 is divided by 38?
30
What is the remainder when 804 is divided by 66?
12
What is the remainder when 16909 is divided by 38?
37
What is the remainder when 227 is divided by 38?
37
What is the remainder when 801 is divided by 12?
9
What is the remainder when 100 is divided by 16?
4
Calculate the remainder when 751 is divided by 84.
79
What is the remainder when 81 is divided by 6?
3
Calculate the remainder when 2976 is divided by 149.
145
Calculate the remainder when 59 is divided by 15.
14
What is the remainder when 69 is divided by 45?
24
What is the remainder when 34 is divided by 11?
1
What is the remainder when 611 is divided by 45?
26
What is the remainder when 269 is divided by 15?
14
What is the remainder when 239 is divided by 83?
73
Calculate the remainder when 31 is divided by 21.
10
Calculate the remainder when 687 is divided by 46.
43
Calculate the remainder when 1013 is divided by 169.
168
What is the remainder when 141 is divided by 72?
69
What is the remainder when 332 is divided by 42?
38
What is the remainder when 35 is divided by 19?
16
What is the remainder when 61 is divided by 25?
11
What is the remainder when 10258 is divided by 45?
43
What is the remainder when 433 is divided by 65?
43
Calculate the remainder when 1290 is divided by 40.
10
What is the remainder when 51 is divided by 3?
0
Calculate the remainder when 61 is divided by 44.
17
Calculate the remainder when 104 is divided by 88.
16
Calculate the remainder when 150 is divided by 38.
36
Calculate the remainder when 9230 is divided by 4608.
14
What is the remainder when 753 is divided by 27?
24
What is the remainder when 677 is divided by 672?
5
Calculate the remainder when 634 is divided by 126.
4
Calculate the remainder when 3670 is divided by 108.
106
What is the remainder when 3615 is divided by 68?
11
What is the remainder when 329 is divided by 10?
9
What is the remainder when 652 is divided by 212?
16
What is the remainder when 1652 is divided by 69?
65
What is the remainder when 40 is divided by 22?
18
What is the remainder when 1891 is divided by 24?
19
What is the remainder when 3057 is divided by 219?
210
What is the remainder when 658 is divided by 19?
12
Calculate the remainder when 3516 is divided by 80.
76
What is the remainder when 10569 is divided by 14?
13
What is the remainder when 6016 is divided by 10?
6
Calculate the remainder when 95 is divided by 43.
9
Calculate the remainder when 2028 is divided by 16.
12
Calculate the remainder when 532 is divided by 22.
4
Calculate the remainder when 871 is divided by 52.
39
What is the remainder when 371 is divided by 18?
11
What is the rem